{"id":19,"date":"2015-11-25T07:32:41","date_gmt":"2015-11-25T07:32:41","guid":{"rendered":"https:\/\/smartyschool.stylemixthemes.com\/?page_id=19"},"modified":"2022-12-08T09:00:36","modified_gmt":"2022-12-08T06:00:36","slug":"home-2","status":"publish","type":"page","link":"https:\/\/duzgunanaokullari.com\/","title":{"rendered":"Home"},"content":{"rendered":"<p>[vc_row full_width=&#8221;stretch_row&#8221; css=&#8221;.vc_custom_1668504109754{background: #fea633 url(http:\/\/duzgunanaokullari.com\/wp-content\/uploads\/2022\/11\/main_bg.png?id=5101) !important;background-position: center !important;background-repeat: no-repeat !important;background-size: cover !important;}&#8221;][vc_column]\n\t\t\t<!-- START Home REVOLUTION SLIDER 6.5.5 --><p class=\"rs-p-wp-fix\"><\/p>\n\t\t\t<rs-module-wrap id=\"rev_slider_1_1_wrapper\" data-source=\"gallery\" style=\"visibility:hidden;background:transparent;padding:0;margin:0px auto;margin-top:0;margin-bottom:0;\">\n\t\t\t\t<rs-module id=\"rev_slider_1_1\" style=\"\" data-version=\"6.5.5\">\n\t\t\t\t\t<rs-slides>\n\t\t\t\t\t\t<rs-slide style=\"position: absolute;\" data-key=\"rs-1\" data-title=\"Slide\" data-in=\"o:0;\" data-out=\"a:false;\">\n\t\t\t\t\t\t\t<img decoding=\"async\" src=\"\/\/duzgunanaokullari.com\/wp-content\/plugins\/revslider\/public\/assets\/assets\/dummy.png\" title=\"Home\" class=\"rev-slidebg tp-rs-img rs-lazyload\" data-lazyload=\"\/\/duzgunanaokullari.com\/wp-content\/plugins\/revslider\/public\/assets\/assets\/transparent.png\" data-no-retina>\n<!--\n\t\t\t\t\t\t\t--><rs-layer\n\t\t\t\t\t\t\t\tid=\"slider-1-slide-1-layer-0\" \n\t\t\t\t\t\t\t\tdata-type=\"text\"\n\t\t\t\t\t\t\t\tdata-rsp_ch=\"on\"\n\t\t\t\t\t\t\t\tdata-xy=\"x:l,c,c,c;xo:89px,0,0,0;y:m;yo:-145px,-190px,-210px,-140px;\"\n\t\t\t\t\t\t\t\tdata-text=\"w:normal;s:48,38,35,32;l:58,40,37,34;a:left,center,center,center;\"\n\t\t\t\t\t\t\t\tdata-dim=\"w:452px,580px,320px,320px;\"\n\t\t\t\t\t\t\t\tdata-frame_0=\"y:50,30,28,19;\"\n\t\t\t\t\t\t\t\tdata-frame_1=\"sp:1000;\"\n\t\t\t\t\t\t\t\tdata-frame_999=\"y:-50,-30,-28,-19;o:0;st:w;sp:1000;sR:8000;\"\n\t\t\t\t\t\t\t\tstyle=\"z-index:10;font-family:'Patrick Hand';\"\n\t\t\t\t\t\t\t>Okulumuzda Sizleri Neler Bekliyor? \n\t\t\t\t\t\t\t<\/rs-layer><!--\n\n\t\t\t\t\t\t\t--><rs-layer\n\t\t\t\t\t\t\t\tid=\"slider-1-slide-1-layer-1\" \n\t\t\t\t\t\t\t\tdata-type=\"text\"\n\t\t\t\t\t\t\t\tdata-rsp_ch=\"on\"\n\t\t\t\t\t\t\t\tdata-xy=\"x:l,c,c,c;xo:88px,0,0,0;y:m;yo:-5px,-110px,-120px,-53px;\"\n\t\t\t\t\t\t\t\tdata-text=\"w:normal;s:18,16,16,16;l:28,22,22,22;fw:500;a:left,center,center,center;\"\n\t\t\t\t\t\t\t\tdata-dim=\"w:450px,520px,320px,320px;\"\n\t\t\t\t\t\t\t\tdata-frame_0=\"y:50,30,28,19;\"\n\t\t\t\t\t\t\t\tdata-frame_1=\"st:500;sp:1000;sR:500;\"\n\t\t\t\t\t\t\t\tdata-frame_999=\"y:50,30,28,19;o:0;st:w;sp:1000;sR:7500;\"\n\t\t\t\t\t\t\t\tstyle=\"z-index:9;font-family:'Quicksand';\"\n\t\t\t\t\t\t\t>\u00c7ocuklar\u0131n kendilerine ait pembe bir d\u00fcnyalar\u0131 vard\u0131r. Onlar i\u00e7in hayat oyuncaklar ve oyunlardan ibarettir. Ancak b\u00fcy\u00fcd\u00fck\u00e7e yeti\u015fkinlerin d\u00fcnyas\u0131na ad\u0131m atmak zorundad\u0131rlar. Bu ad\u0131m\u0131 atarlarken biz de ekip olarak ellerinden tutup yard\u0131mc\u0131 olaca\u011f\u0131z. \n\t\t\t\t\t\t\t<\/rs-layer><!--\n\n\t\t\t\t\t\t\t--><rs-layer\n\t\t\t\t\t\t\t\tid=\"slider-1-slide-1-layer-4\" \n\t\t\t\t\t\t\t\tdata-type=\"image\"\n\t\t\t\t\t\t\t\tdata-rsp_ch=\"on\"\n\t\t\t\t\t\t\t\tdata-xy=\"x:r,c,c,c;xo:146px,0,0,0;y:m;yo:-44px,200px,200px,220px;\"\n\t\t\t\t\t\t\t\tdata-text=\"w:normal;s:20,12,11,7;l:0,15,14,9;\"\n\t\t\t\t\t\t\t\tdata-dim=\"w:368px,226px,213px,150px;h:491px,302px,285px,201px;\"\n\t\t\t\t\t\t\t\tdata-frame_999=\"o:0;st:w;\"\n\t\t\t\t\t\t\t\tstyle=\"z-index:11;\"\n\t\t\t\t\t\t\t><img loading=\"lazy\" decoding=\"async\" src=\"\/\/duzgunanaokullari.com\/wp-content\/plugins\/revslider\/public\/assets\/assets\/dummy.png\" class=\"tp-rs-img rs-lazyload\" width=\"1536\" height=\"2048\" data-lazyload=\"\/\/duzgunanaokullari.com\/wp-content\/uploads\/2022\/12\/ANAOKULU.jpg\" data-no-retina> \n\t\t\t\t\t\t\t<\/rs-layer><!--\n-->\t\t\t\t\t\t<\/rs-slide>\n\t\t\t\t\t<\/rs-slides>\n\t\t\t\t<\/rs-module>\n\t\t\t\t<script type=\"text\/javascript\">\n\t\t\t\t\tsetREVStartSize({c: 'rev_slider_1_1',rl:[1240,1024,778,480],el:[800,768,768,720],gw:[1170,720,680,480],gh:[800,768,768,720],type:'standard',justify:'',layout:'fullwidth',mh:\"0\"});if (window.RS_MODULES!==undefined && window.RS_MODULES.modules!==undefined && window.RS_MODULES.modules[\"revslider11\"]!==undefined) {window.RS_MODULES.modules[\"revslider11\"].once = false;window.revapi1 = undefined;window.RS_MODULES.checkMinimal()}\n\t\t\t\t<\/script>\n\t\t\t<\/rs-module-wrap>\n\t\t\t<!-- END REVOLUTION SLIDER -->\n[stm_spacing lg_spacing=&#8221;30&#8243; md_spacing=&#8221;30&#8243; sm_spacing=&#8221;150&#8243; xs_spacing=&#8221;170&#8243;][\/vc_column][\/vc_row][vc_row full_width=&#8221;stretch_row&#8221; css=&#8221;.vc_custom_1570421691129{margin-top: -115px !important;margin-bottom: 0px !important;padding-bottom: 0px !important;background-image: url(https:\/\/smartyschool.stylemixthemes.com\/kindergarten-two\/wp-content\/uploads\/2019\/10\/wave_bottom.png?id=5070) !important;background-position: 0 0 !important;background-repeat: no-repeat !important;}&#8221; el_class=&#8221;superiority_section&#8221;][vc_column css=&#8221;.vc_custom_1570015088817{padding-top: 0px !important;}&#8221;][stm_spacing lg_spacing=&#8221;115&#8243; md_spacing=&#8221;115&#8243; sm_spacing=&#8221;115&#8243; xs_spacing=&#8221;115&#8243;][\/vc_column][\/vc_row][vc_row full_width=&#8221;stretch_row&#8221; css=&#8221;.vc_custom_1570269272221{background-color: #ffffff !important;}&#8221;][vc_column][stm_spacing lg_spacing=&#8221;50&#8243; md_spacing=&#8221;50&#8243; sm_spacing=&#8221;50&#8243; xs_spacing=&#8221;50&#8243;][vc_custom_heading text=&#8221;Ya\u015f Gruplar\u0131m\u0131z&#8221; font_container=&#8221;tag:h2|text_align:center&#8221; use_theme_fonts=&#8221;yes&#8221;][stm_spacing lg_spacing=&#8221;24&#8243; md_spacing=&#8221;24&#8243; sm_spacing=&#8221;24&#8243; xs_spacing=&#8221;24&#8243;][vc_row_inner][vc_column_inner width=&#8221;1\/2&#8243; offset=&#8221;vc_col-lg-3&#8243;][stm_icon_box view_style=&#8221;style-5&#8243; icon_fontawesome=&#8221;stm-icon stm-icon-pony2&#8243; title=&#8221;2+ Ya\u015f (Oyun Grubu)&#8221; icon_size=&#8221;40px&#8221; title_small=&#8221;(2 \u2013 3 ya\u015f)&#8221; descr=&#8221;\u00d6\u011frenme kapasitesinin \u00e7ok y\u00fcksek oldu\u011fu bu d\u00f6nemde \u00f6zellikle dil geli\u015fimi ve sosyal geli\u015fimi \u00f6n planda tutan bir program uygulan\u0131r.&#8221; title_link=&#8221;url:http%3A%2F%2Fduzgunanaokullari.com%2Findex.php%2F2-yas%2F|title:2%2B%20Ya%C5%9F&#8221;][stm_spacing lg_spacing=&#8221;40&#8243; md_spacing=&#8221;40&#8243; sm_spacing=&#8221;40&#8243; xs_spacing=&#8221;40&#8243;][\/vc_column_inner][vc_column_inner width=&#8221;1\/2&#8243; offset=&#8221;vc_col-lg-3&#8243;][stm_icon_box view_style=&#8221;style-5&#8243; icon_fontawesome=&#8221;stm-icon stm-icon-bricks2&#8243; title=&#8221;3+ Ya\u015f (\u00c7ete \u00c7a\u011f\u0131)&#8221; icon_size=&#8221;40px&#8221; title_small=&#8221;(3 \u2013 4 ya\u015f)&#8221; descr=&#8221;Bu ya\u015f grubunun en b\u00fcy\u00fck \u00f6zelli\u011fi merakt\u0131r. D\u00f6rt ya\u015f\u0131na yakla\u015fan \u00e7ocuklarda ki\u015fisel oyunlardaki ilgi, grup oyununa \u00e7evrilir.&#8221; title_link=&#8221;url:http%3A%2F%2Fduzgunanaokullari.com%2Findex.php%2F3-yas%2F|title:3%2B%20Ya%C5%9F&#8221;][stm_spacing lg_spacing=&#8221;40&#8243; md_spacing=&#8221;40&#8243; sm_spacing=&#8221;40&#8243; xs_spacing=&#8221;40&#8243;][\/vc_column_inner][vc_column_inner width=&#8221;1\/2&#8243; offset=&#8221;vc_col-lg-3&#8243;][stm_icon_box view_style=&#8221;style-5&#8243; icon_fontawesome=&#8221;stm-icon stm-icon-fan&#8221; title=&#8221;4+ Ya\u015f (Alt\u0131n \u00c7a\u011f)&#8221; icon_size=&#8221;40px&#8221; title_small=&#8221;(4 \u2013 5 ya\u015f)&#8221; descr=&#8221;\u00c7ocuklu\u011fun Alt\u0131n \u00c7a\u011f\u0131 olan bu d\u00f6nemde arkada\u015flar\u0131yla ileti\u015fim, payla\u015fma ve i\u015fbirli\u011fi duygular\u0131 ile benlik alg\u0131s\u0131n\u0131 geli\u015ftiren e\u011fitim program\u0131 uygulan\u0131r.&#8221; title_link=&#8221;url:http%3A%2F%2Fduzgunanaokullari.com%2Findex.php%2F4-yas%2F|title:4%2B%20Ya%C5%9F&#8221;][stm_spacing lg_spacing=&#8221;40&#8243; md_spacing=&#8221;40&#8243; sm_spacing=&#8221;40&#8243; xs_spacing=&#8221;40&#8243;][\/vc_column_inner][vc_column_inner width=&#8221;1\/2&#8243; offset=&#8221;vc_col-lg-3&#8243;][stm_icon_box view_style=&#8221;style-5&#8243; icon_fontawesome=&#8221;stm-icon stm-icon-pencil&#8221; title=&#8221;5+ Ya\u015f (\u0130lkokula Haz\u0131rl\u0131k Program\u0131)&#8221; icon_size=&#8221;40px&#8221; title_small=&#8221;(5 \u2013 6 ya\u015f)&#8221; descr=&#8221;Akademik alt yap\u0131n\u0131n olu\u015fturuldu\u011fu bu d\u00f6nem, \u00e7ocu\u011fun ilk\u00f6\u011fretime uyumunu kolayla\u015ft\u0131rmaya y\u00f6nelik \u00e7al\u0131\u015fmalar\u0131 i\u00e7erir.&#8221; title_link=&#8221;url:http%3A%2F%2Fduzgunanaokullari.com%2Findex.php%2F5-yas%2F|title:5%2B%20Ya%C5%9F&#8221;][stm_spacing lg_spacing=&#8221;40&#8243; md_spacing=&#8221;40&#8243; sm_spacing=&#8221;40&#8243; xs_spacing=&#8221;40&#8243;][\/vc_column_inner][\/vc_row_inner][\/vc_column][\/vc_row][vc_row full_width=&#8221;stretch_row&#8221; css=&#8221;.vc_custom_1570015394508{background-color: #ffffff !important;background-position: 0 0 !important;background-repeat: no-repeat !important;}&#8221;][vc_column][vc_custom_heading text=&#8221;Temel De\u011ferlerimiz&#8221; font_container=&#8221;tag:h2|text_align:center&#8221; use_theme_fonts=&#8221;yes&#8221;][stm_spacing lg_spacing=&#8221;24&#8243; md_spacing=&#8221;24&#8243; sm_spacing=&#8221;24&#8243; xs_spacing=&#8221;24&#8243;][vc_row_inner][vc_column_inner width=&#8221;1\/2&#8243;][stm_action_box img_id=&#8221;5520&#8243; img_size=&#8221;120&#215;120&#8243; title=&#8221;Ya\u015fayarak \u00d6\u011frenme&#8221;]\u00d6\u011frencilerimiz ya\u015fayarak \u00f6\u011frenmenin gerektirdi\u011fi at\u00f6lye sisteminden faydalan\u0131rlar.[\/stm_action_box][stm_spacing lg_spacing=&#8221;50&#8243; md_spacing=&#8221;50&#8243; sm_spacing=&#8221;30&#8243; xs_spacing=&#8221;30&#8243;][\/vc_column_inner][vc_column_inner width=&#8221;1\/2&#8243;][stm_action_box img_id=&#8221;5520&#8243; img_size=&#8221;120&#215;120&#8243; title=&#8221;Sa\u011fl\u0131kl\u0131 Beslenme&#8221;]\u00d6\u011f\u00fcnlerimizde organik ko\u015fullarda yeti\u015ftirilen meyve ve sebzeler tercih edilmektedir.[\/stm_action_box][stm_spacing lg_spacing=&#8221;50&#8243; md_spacing=&#8221;50&#8243; sm_spacing=&#8221;30&#8243; xs_spacing=&#8221;30&#8243;][\/vc_column_inner][\/vc_row_inner][vc_row_inner][vc_column_inner width=&#8221;1\/2&#8243;][stm_action_box img_id=&#8221;5520&#8243; img_size=&#8221;120&#215;120&#8243; title=&#8221;E\u011fitimde Kalite&#8221;]Okulumuzda GEMS, SCAMPER ve MTW e\u011fitim programlar\u0131 uygulanmaktad\u0131r.[\/stm_action_box][stm_spacing lg_spacing=&#8221;50&#8243; md_spacing=&#8221;50&#8243; sm_spacing=&#8221;30&#8243; xs_spacing=&#8221;30&#8243;][\/vc_column_inner][vc_column_inner width=&#8221;1\/2&#8243;][stm_action_box img_id=&#8221;5520&#8243; img_size=&#8221;120&#215;120&#8243; title=&#8221;Yabanc\u0131 Dil&#8221;]\u0130ngilizce \u00f6\u011frenmede farkl\u0131 teknikler i\u00e7eren elektik metodunu tercih ediyoruz. Bu teknikler g\u00f6rsel ve i\u015fitsel oyun ve aktiviteleri kapsar.[\/stm_action_box][stm_spacing lg_spacing=&#8221;50&#8243; md_spacing=&#8221;50&#8243; sm_spacing=&#8221;30&#8243; xs_spacing=&#8221;30&#8243;][\/vc_column_inner][\/vc_row_inner][stm_spacing lg_spacing=&#8221;60&#8243; md_spacing=&#8221;60&#8243; sm_spacing=&#8221;40&#8243; xs_spacing=&#8221;0&#8243;][stm_spacing lg_spacing=&#8221;60&#8243; md_spacing=&#8221;60&#8243; sm_spacing=&#8221;40&#8243; xs_spacing=&#8221;0&#8243;][\/vc_column][\/vc_row][vc_row full_width=&#8221;stretch_row&#8221; css=&#8221;.vc_custom_1668504177614{margin-top: -115px !important;background: #007eff url(http:\/\/duzgunanaokullari.com\/wp-content\/uploads\/2022\/11\/main_bg.png?id=5101) !important;background-position: 0 0 !important;background-repeat: repeat !important;border-radius: 20px !important;}&#8221;][vc_column][vc_custom_heading text=&#8221;Etkinlikler&#8221; font_container=&#8221;tag:h2|text_align:center|color:%23ffffff&#8221; use_theme_fonts=&#8221;yes&#8221;][stm_spacing lg_spacing=&#8221;20&#8243; md_spacing=&#8221;20&#8243; sm_spacing=&#8221;20&#8243; xs_spacing=&#8221;20&#8243;][\/vc_column][vc_column][stm_events event_category=&#8221;0&#8243;][\/vc_column][\/vc_row][vc_row][vc_column][stm_spacing lg_spacing=&#8221;30&#8243; md_spacing=&#8221;30&#8243; sm_spacing=&#8221;0&#8243; xs_spacing=&#8221;0&#8243;][vc_custom_heading text=&#8221;Bran\u015f ve Kul\u00fcp Dersleri&#8221; font_container=&#8221;tag:h2|text_align:center&#8221; use_theme_fonts=&#8221;yes&#8221;][stm_spacing lg_spacing=&#8221;20&#8243; md_spacing=&#8221;20&#8243; sm_spacing=&#8221;20&#8243; xs_spacing=&#8221;20&#8243;][stm_courses view=&#8221;carousel&#8221; courses_category=&#8221;0&#8243;][stm_spacing lg_spacing=&#8221;100&#8243; md_spacing=&#8221;100&#8243; sm_spacing=&#8221;100&#8243; xs_spacing=&#8221;100&#8243;][\/vc_column][\/vc_row][vc_row equal_height=&#8221;yes&#8221; content_placement=&#8221;middle&#8221;][vc_column offset=&#8221;vc_col-lg-6 vc_col-md-6&#8243;][vc_custom_heading text=&#8221;Oryantasyon (Uyum) D\u00f6nemi&#8221; use_theme_fonts=&#8221;yes&#8221;][vc_column_text]<strong>\u00d6\u011frencilerin okula ba\u015flad\u0131klar\u0131 ilk hafta oryantasyon program\u0131 uygulan\u0131r. Bu programa \u00e7ocuklar\u0131yla birlikte ebeveynleri e\u015flik eder. \u0130lk g\u00fcnler 60 dakika sonraki g\u00fcnler de 15 dakikal\u0131k dilimler ilave edilir. Program\u0131 uygulama amac\u0131m\u0131z; \u00e7ocuklar\u0131n g\u00fcven duygular\u0131n\u0131 kazan\u0131rken, en yak\u0131n\u0131ndaki ki\u015filerle okul aras\u0131nda k\u00f6pr\u00fc kurmas\u0131d\u0131r. Bu sayede \u00e7ocuk okulun fiziksel \u015fartlar\u0131n\u0131 \u00f6\u011frenir, ili\u015fki kurdu\u011fu yeti\u015fkine (\u00f6\u011fretmene) g\u00fcveni artar. Onlar\u0131n okula geldikleri ilk anlar\u0131n deneyimlerini sa\u011flarken, \u00f6zg\u00fcvenlerini k\u0131rmadan rahat hissedecekleri ortamlar\u0131 haz\u0131rlamak \u00f6nemlidir. <\/strong>[\/vc_column_text][stm_btn_simple btn_style=&#8221;flat&#8221; btn_icon_position=&#8221;right&#8221; btn_icon_size=&#8221;12px&#8221; btn_icon_enable=&#8221;true&#8221; btn_link=&#8221;url:http%3A%2F%2Fduzgunanaokullari.com%2Findex.php%2Fokulumuzda-bir-gun%2F|title:Daha%20fazla%20%C3%B6%C4%9Fren&#8221; btn_link_text=&#8221;Daha fazlas\u0131n\u0131 \u00f6\u011fren&#8221; btn_icon_fontawesome=&#8221;stm-icon stm-icon-arrow-r&#8221;][stm_spacing lg_spacing=&#8221;0&#8243; md_spacing=&#8221;0&#8243; sm_spacing=&#8221;80&#8243; xs_spacing=&#8221;70&#8243;][\/vc_column][vc_column width=&#8221;1\/12&#8243; offset=&#8221;vc_hidden-sm vc_hidden-xs&#8221;][\/vc_column][vc_column offset=&#8221;vc_col-lg-5 vc_col-md-5&#8243;][vc_row_inner][vc_column_inner width=&#8221;1\/2&#8243; offset=&#8221;vc_col-xs-6&#8243;][stm_icon_box view_style=&#8221;style-1&#8243; text_alignment=&#8221;center&#8221; icon_position=&#8221;top&#8221; title=&#8221;Geni\u015f ve Ferah S\u0131n\u0131flar&#8221; icon_fontawesome=&#8221;stm-icon stm-icon-sunday&#8221;][stm_spacing lg_spacing=&#8221;30&#8243; md_spacing=&#8221;30&#8243; sm_spacing=&#8221;30&#8243; xs_spacing=&#8221;30&#8243;][\/vc_column_inner][vc_column_inner width=&#8221;1\/2&#8243; offset=&#8221;vc_col-xs-6&#8243;][stm_icon_box view_style=&#8221;style-1&#8243; text_alignment=&#8221;center&#8221; icon_position=&#8221;top&#8221; title=&#8221;Teknolojik Derslikler&#8221; icon_fontawesome=&#8221;stm-icon stm-icon-pc&#8221;][stm_spacing lg_spacing=&#8221;30&#8243; md_spacing=&#8221;30&#8243; sm_spacing=&#8221;30&#8243; xs_spacing=&#8221;30&#8243;][\/vc_column_inner][\/vc_row_inner][vc_row_inner][vc_column_inner width=&#8221;1\/2&#8243; offset=&#8221;vc_col-xs-6&#8243;][stm_icon_box view_style=&#8221;style-1&#8243; text_alignment=&#8221;center&#8221; icon_position=&#8221;top&#8221; title=&#8221;Uzman \u00d6\u011fretmenler&#8221; icon_fontawesome=&#8221;stm-icon stm-icon-teacher&#8221;][stm_spacing lg_spacing=&#8221;0&#8243; md_spacing=&#8221;0&#8243; sm_spacing=&#8221;30&#8243; xs_spacing=&#8221;30&#8243;][\/vc_column_inner][vc_column_inner width=&#8221;1\/2&#8243; offset=&#8221;vc_col-xs-6&#8243;][stm_icon_box view_style=&#8221;style-1&#8243; text_alignment=&#8221;center&#8221; icon_position=&#8221;top&#8221; title=&#8221;Sevgi Dolu Ortam&#8221; icon_fontawesome=&#8221;stm-icon stm-icon-heard&#8221;][stm_spacing lg_spacing=&#8221;0&#8243; md_spacing=&#8221;0&#8243; sm_spacing=&#8221;30&#8243; xs_spacing=&#8221;30&#8243;][\/vc_column_inner][\/vc_row_inner][\/vc_column][vc_column][stm_spacing lg_spacing=&#8221;100&#8243; md_spacing=&#8221;100&#8243; sm_spacing=&#8221;80&#8243; xs_spacing=&#8221;60&#8243;][\/vc_column][\/vc_row][vc_row full_width=&#8221;stretch_row&#8221; css=&#8221;.vc_custom_1669124440681{background: #fea633 url(http:\/\/duzgunanaokullari.com\/wp-content\/uploads\/2022\/11\/main_bg.png?id=5101) !important;background-position: center !important;background-repeat: no-repeat !important;background-size: cover !important;}&#8221;][vc_column][stm_spacing lg_spacing=&#8221;50&#8243; md_spacing=&#8221;50&#8243; sm_spacing=&#8221;50&#8243; xs_spacing=&#8221;50&#8243;][vc_custom_heading text=&#8221;Velilerden G\u00f6r\u00fc\u015fler&#8221; font_container=&#8221;tag:h2|text_align:center&#8221; use_theme_fonts=&#8221;yes&#8221;][stm_spacing lg_spacing=&#8221;30&#8243; md_spacing=&#8221;30&#8243; sm_spacing=&#8221;30&#8243; xs_spacing=&#8221;30&#8243;][stm_testimonials stm_carousel_autoplay=&#8221;true&#8221; stm_carousel_loop=&#8221;true&#8221; stm_carousel_dots=&#8221;true&#8221; stm_carousel_items=&#8221;2&#8243;][\/stm_testimonials][stm_spacing lg_spacing=&#8221;40&#8243; md_spacing=&#8221;40&#8243; sm_spacing=&#8221;40&#8243; xs_spacing=&#8221;40&#8243;][\/vc_column][\/vc_row][vc_row][vc_column][stm_spacing lg_spacing=&#8221;20&#8243; md_spacing=&#8221;20&#8243; sm_spacing=&#8221;20&#8243; xs_spacing=&#8221;20&#8243;][\/vc_column][\/vc_row]<\/p>\n","protected":false},"excerpt":{"rendered":"<p>[vc_row full_width=&#8221;stretch_row&#8221; css=&#8221;.vc_custom_1668504109754{background: #fea633 url(http:\/\/duzgunanaokullari.com\/wp-content\/uploads\/2022\/11\/main_bg.png?id=5101) !important;background-position: center !important;background-repeat: no-repeat !important;background-size: cover !important;}&#8221;][vc_column][stm_spacing lg_spacing=&#8221;30&#8243; md_spacing=&#8221;30&#8243; sm_spacing=&#8221;150&#8243; xs_spacing=&#8221;170&#8243;][\/vc_column][\/vc_row][vc_row full_width=&#8221;stretch_row&#8221; css=&#8221;.vc_custom_1570421691129{margin-top: -115px !important;margin-bottom: 0px !important;padding-bottom: 0px !important;background-image: url(https:\/\/smartyschool.stylemixthemes.com\/kindergarten-two\/wp-content\/uploads\/2019\/10\/wave_bottom.png?id=5070) !important;background-position: 0 0 !important;background-repeat: no-repeat !important;}&#8221; el_class=&#8221;superiority_section&#8221;][vc_column css=&#8221;.vc_custom_1570015088817{padding-top: 0px !important;}&#8221;][stm_spacing lg_spacing=&#8221;115&#8243; md_spacing=&#8221;115&#8243; sm_spacing=&#8221;115&#8243; xs_spacing=&#8221;115&#8243;][\/vc_column][\/vc_row][vc_row full_width=&#8221;stretch_row&#8221; css=&#8221;.vc_custom_1570269272221{background-color: #ffffff !important;}&#8221;][vc_column][stm_spacing lg_spacing=&#8221;50&#8243; md_spacing=&#8221;50&#8243; sm_spacing=&#8221;50&#8243; xs_spacing=&#8221;50&#8243;][vc_custom_heading text=&#8221;Ya\u015f Gruplar\u0131m\u0131z&#8221; font_container=&#8221;tag:h2|text_align:center&#8221; use_theme_fonts=&#8221;yes&#8221;][stm_spacing lg_spacing=&#8221;24&#8243; md_spacing=&#8221;24&#8243; sm_spacing=&#8221;24&#8243; xs_spacing=&#8221;24&#8243;][vc_row_inner][vc_column_inner [&hellip;]<\/p>\n","protected":false},"author":1,"featured_media":0,"parent":0,"menu_order":0,"comment_status":"closed","ping_status":"closed","template":"","meta":{"_themeisle_gutenberg_block_has_review":false,"footnotes":""},"class_list":["post-19","page","type-page","status-publish","hentry"],"_links":{"self":[{"href":"https:\/\/duzgunanaokullari.com\/index.php\/wp-json\/wp\/v2\/pages\/19","targetHints":{"allow":["GET"]}}],"collection":[{"href":"https:\/\/duzgunanaokullari.com\/index.php\/wp-json\/wp\/v2\/pages"}],"about":[{"href":"https:\/\/duzgunanaokullari.com\/index.php\/wp-json\/wp\/v2\/types\/page"}],"author":[{"embeddable":true,"href":"https:\/\/duzgunanaokullari.com\/index.php\/wp-json\/wp\/v2\/users\/1"}],"replies":[{"embeddable":true,"href":"https:\/\/duzgunanaokullari.com\/index.php\/wp-json\/wp\/v2\/comments?post=19"}],"version-history":[{"count":54,"href":"https:\/\/duzgunanaokullari.com\/index.php\/wp-json\/wp\/v2\/pages\/19\/revisions"}],"predecessor-version":[{"id":5527,"href":"https:\/\/duzgunanaokullari.com\/index.php\/wp-json\/wp\/v2\/pages\/19\/revisions\/5527"}],"wp:attachment":[{"href":"https:\/\/duzgunanaokullari.com\/index.php\/wp-json\/wp\/v2\/media?parent=19"}],"curies":[{"name":"wp","href":"https:\/\/api.w.org\/{rel}","templated":true}]}}